9)/(-6) + (-1)/2. Let h be g - 2 - (-10)/2. Let d(m) = -2*m + 1130*m**3 + m - 1131*m**3 + 2 - m**2 + 4*m**2. What is d(h)?
-18
Let q be (226/(-339))/(1/3). Let b(x) be the second derivative of -1/2*x**2 + 0 + 7/6*x**3 + x. Calculate b(q).
-15
Suppose -t - 3*t - 20 = 0. Suppose l - 1 = q - 3, q - 5*l = -6. Let i(g) = 2*g - 611*g**3 + 612*g**3 - 3*g - q + 5*g**2. Determine i(t).
1
Let k(y) = y**2 + 87*y + 94. Let m be k(-86). Let f(j) = -j - 2 - 2*j + 2*j. What is f(m)?
-10
Let m(o) = 14 + 13*o + 3 + 32 - 24. Determine m(-2).
-1
Let t(r) be the second derivative of -19*r**3/6 + 149*r**2/2 + 57*r - 73. Give t(7).
16
Suppose 16 = 5*z - 4*m, -5 + 17 = -2*z - 3*m. Let w(v) be the third derivative of 1/60*v**5 + 5/6*v**3 - 45*v**2 + 5/24*v**4 + z*v + 0. Give w(-6).
11
Let u = -11 + 8. Suppose r + 5*d = 1, 4*r - 2*d = 22 - 18. Let h(c) = -5 + 6*c - 5*c + r + 2 + 3. Determine h(u).
-2
Let i(u) be the second derivative of u**3/2 + 9*u. Suppose 26*s + 77 = 9*s + 111. Give i(s).
6
Let x(o) be the third derivative of o**4/12 - 7*o**3/3 - o**2. Suppose 3*i = -14*i + 5*i + 120. What is x(i)?
6
Let c be (-11)/9 + (-2)/(-9). Let q(k) = 5*k + 7*k**3 + 3*k - 6*k - 7*k**2 + 2*k**2 + 7*k**2. Let j be q(c). Let x(b) = -b**2 - 7*b + 5. Determine x(j).
5
Let m(t) be the first derivative of -t**4/4 - t**3 + t**2 - 7*t + 1760. Give m(-3).
-13
Suppose 6*z - 13*z + 49 = 0. Let c(b) = 2 + 606*b - 608*b - z. Calculate c(-4).
3
Suppose 1180 + 721 = 304*l - 1139. Let b(f) = -2*f**2 + 26*f - 65. Give b(l).
-5
Let r(u) = -3*u + 0*u + 5*u. Suppose -3*w + 1 = 2*b - 18, 3*w - 3*b - 9 = 0. Suppose -3*o + w + 4 = 0. What is r(o)?
6
Let l(k) = k**3 - 3*k**2 - 3*k - 2. Suppose 4*m = 2*m - 10, -2*w = -3*m - 43. Let x = -488 - -492. Suppose 3*y - t - w = -y, t - x = -2*y. Determine l(y).
-11
Let r(y) = y - 4. Let a = 48 - 46. Suppose 0 = a*x - 27 + 363. Let v be ((-3)/(-4))/(7*(-6)/x). Determine r(v).
-1
Let h(i) be the third derivative of -i**7/2520 + i**6/90 - i**5/20 - i**4/3 - 42*i**2. Let n(j) be the second derivative of h(j). Let z = 3 - -3. Give n(z).
6
Let z be 10 + 0 - (2/(-1))/(-7 + 5). Let m(o) = -o**2 + 15*o - 29. Determine m(z).
25
Let r(z) = 20 + 126 - 158 - 7*z - 4*z**2. What is r(-3)?
-27
Suppose -29 = 233*o + 706 + 430. Let q(g) = 3*g**3 + 10*g**2 + 17*g - 29. Let k(z) = 2*z**3 + 7*z**2 + 11*z - 19. Let y(t) = -8*k(t) + 5*q(t). What is y(o)?
-3
Let h(s) = -6*s**3 + s**2 + 11*s - 12. Let x(q) = -4*q**3 + q**2 + 6*q - 7. Let t(g) = -5*h(g) + 9*x(g). Calculate t(2).
-37
Let z = -790 + 1122. Let k = z - 330. Let f(x) = x**3 - 2*x**2 + 2*x + 2. Determine f(k).
6
Let z(v) = -32*v**2 - 5*v + 4. Let a(g) = -38*g**2 - 6*g + 5. Let i(l) = -4*a(l) + 5*z(l). What is i(2)?
-34
Let q(j) = 5*j**2 + 1. Let v = -60 - -74. Let l(s) = 3*s - 41. Let m be l(v). Suppose 0 = z + m. Calculate q(z).
6
Let l(h) = 4808 - 2402 - 2404 + h. Suppose 0*t - 4 = -2*t. Suppose -60 = 5*w - 4*n, -w - 3*w - t*n - 22 = 0. Determine l(w).
-6
Let a(t) be the first derivative of -t**3/3 + 29*t**2/2 - 27*t - 1053. Determine a(28).
1
Let i(m) = 30*m + 56. Let r = 6278 - 6281. Give i(r).
-34
Suppose 0 = 22*w - 21*w - 5. Suppose w*g = -2*t + 1, -t + 8 = t - 2*g. Suppose -7*x + t = -4*x. Let f(v) = 8*v. Give f(x).
8
Let v(b) = -3*b + 18. Let p be (3/6)/((-3)/(-30)). Let x be v(p). Let k(l) = -x*l - 7*l + 6*l + 9 + 3*l. Determine k(10).
-1
Let c(z) = -7*z**2 + 18*z + 15. Let b(g) = -g**2 + g - 1. Let t(r) = -6*b(r) + c(r). Let x be t(13). Let m(p) = -p - 6*p + 4 + x*p. Give m(-7).
-3
Let h(k) = 7*k + 3. Let t be (-34)/(-18) - (-19)/171. Let f be (1/t)/((-11)/44). Calculate h(f).
-11
Let v = 116 - -10. Let h = 122 - v. Let a(r) = r + 5. What is a(h)?
1
Let l(s) = s + 4. Let g be -1 + (-10)/(-4) - (-63)/18. Let j be l(g). Let o(d) = d - 17. Calculate o(j).
-8
Let u(k) = 2*k + 16. Suppose 4*a + 101 = 3*s + 81, -4*s = -3*a - 8. Give u(a).
0
Let y(u) = u**3 + u**2 + 7*u + 14. Let s be y(-2). Let j(n) = 2*n**3 + 10*n**2 + 2*n - 9. Calculate j(s).
15
Let m(s) be the second derivative of -s**4/12 + 5*s**3/2 + 7*s**2 + 15*s - 5. Give m(16).
-2
Let q(y) = 16*y**2 - 40*y**2 + 13*y**2 + 8*y**2. Let f(b) = -5*b**2. Let a(p) = 3*f(p) - 4*q(p). Give a(1).
-3
Let k(z) = 4*z**2 + 9*z + 1. Suppose -5 = 3*s - 2*s. Let y(q) = -5*q**2 - 9*q. Let c = -16 + 10. Let x(l) = c*k(l) + s*y(l). Give x(9).
-6
Let d = 5070 + -5069. Let v(m) = 10*m - 9. Calculate v(d).
1
Let t(k) = -9*k - 6 + 16 - 6 + k**2 + 8*k - 16. Determine t(-4).
8
Suppose 6*u - 9 = 69. Let m(v) = v**2 - 13*v - 6. Let c be m(u). Let l be (0 - 1)*10/(-4 - c). Let o(b) = b**2 + 4*b - 1. Determine o(l).
4
Let j(k) = k**3 - 14*k**2 + 5*k - 12. Let y = -8344 - -8358. Determine j(y).
58
Let n(f) = 14*f + 251. Let m(x) = 21*x + 496. Let g(k) = 4*m(k) - 7*n(k). Determine g(17).
-11
Let b(o) = o**3 - 7*o**2 + 6*o - 2. Let s(q) be the third derivative of -4*q**4 + q**3/2 - 33*q**2. Let l be s(-1). Let a = l - 93. Calculate b(a).
-2
Suppose -326 - 606 = -4*q. Let u = -232 + q. Let x(z) = 6*z**3 - 2*z + 1. Calculate x(u).
5
Let y(r) be the first derivative of r**6/360 + 7*r**5/120 + r**4/24 + 11*r**3/3 + r**2 + 9. Let l(w) be the third derivative of y(w). What is l(-5)?
-9
Let t(c) = 12*c**2 - 14. Let l(r) = -r**3 - r**2 + r + 1. Let j(o) = l(o) + t(o). Let s be (18964/(-3879)*(1 - 19)/2)/4. Give j(s).
-2
Let f(l) = 10*l - 82. Let m be f(16). Suppose 85*n = m*n - 42. Let h(u) = u + 8. Determine h(n).
2
Let n(w) = -170*w - 334. Let f be n(-2). Let j(v) = -v**2 + 9*v - 18. Determine j(f).
0
Let y(i) = -10*i**2 - 2*i - 7. Let c(r) = 18*r**2 + 5*r + 13. Suppose n = -m + 12, -6*m + 5*m = 3*n - 14. Let s(a) = m*y(a) + 6*c(a). Determine s(7).
-41
Let q(w) be the third derivative of -1/3*w**3 + 1/60*w**5 - 1/24*w**4 - 27*w**2 + 0*w + 0. Suppose h - 4*h + 15 = -3*a, -3*h + a = -11. Determine q(h).
4
Let r(c) be the third derivative of c**6/120 + c**5/12 + c**4/8 + c**3/6 - 14*c**2. Suppose 8*a + 6 = 11*a, -6 = 4*q + 5*a. What is r(q)?
5
Let l(h) = 216390*h + 11 - 1 + h**2 + 3 - 216406*h. What is l(14)?
-15
Let g(c) be the first derivative of -c**2/2 + 18*c - 21. Suppose 0 = 4*b - 4*h - 96, -3*b + 4*h = -2*b - 39. Give g(b).
-1
Let x(w) = -w**3 + 4*w**2 - 1. Suppose -368*d + 356*d = 77 + 283. Suppose 0 = s + 18 + 16. Let n = d - s. Determine x(n).
-1
Let q(m) = -m**3 + 6*m**2 + 9*m - 7. Let d be q(7). Let f(l) = -2 + 2*l + 1 + 15 - d. Calculate f(-12).
-17
Let u(m) = -15*m**2 - 2*m - 5. Suppose -n = 63 - 61. Let d(v) = 46*v**2 + 5*v + 16. Let z(o) = n*d(o) - 7*u(o). Give z(-2).
47
Let c(d) = d - 3. Suppose 219 - 708 - 836 = -53*a. What is c(a)?
22
Let l(i) = -2*i**2 - 4*i**2 + 1 + 3*i - i**3 - 4*i + 2*i**2. Let j be 36/(-27)*(-1 + 0)*-3. Determine l(j).
5
Let h(y) = -y**3 + 7*y**2 - 2*y + 5. Let k = 322 - 317. Let p(r) = r**3 - 7*r**2 - 6. Let a(g) = k*p(g) + 4*h(g). Give a(8).
-10
Let x(r) = r**3 - 19*r**2 - 19*r - 30. Let t be 21609/1078 - 4/88. Give x(t).
-10
Let t(x) = -2*x + 14. Suppose b = a + 6*b - 29, -3*a = 5*b - 37. Suppose 0 = -a*v - 66 + 102. Determine t(v).
-4
Let b(u) = 3*u - 15. Suppose -2385 = 5*i + 5*w, -i - 3*w - 489 = 2*w. Let a = -474 - i. What is b(a)?
-15
Suppose a + 28*l - 39 = 24*l, -3*l + 36 = -6*a. Let t(i) be the third derivative of -i**6/30 + i**4/24 + i**3/3 + i**2. What is t(a)?
5
Let j(v) be the first derivative of v**2/2 + v + 3753. Let d = -8 + 3. Give j(d).
-4
Let v(x) = -9*x - 129. Let h be v(-7). Let w = 61 + h. Let o(m) = m**2 + 2*m - 10. Determine o(w).
5
Let q(h) = -h - 5. Let v be q(8). Let t = -10 - v. Let l(u) = -u + 11*u**2 - t*u**2 - 3 + 6*u**2 + 2. Determine l(-1).
14
Let x(p) be the third derivative of 11*p**4/24 + 22*p**3/3 - 726*p**2. What is x(-5)?
-11
Let o be 130/(-4) - 27/54. Let h(f) = -f**3 - 34*f**2 - 34*f - 39. Give h(o).
-6
Let v(q) = 45*q + 449. Let c(x) = 46*x + 493. Let i(k) = -5*c(k) + 6*v(k). Calculate i(-6).
-11
Let l = -173 - -170. Let d(j) = -j + 1. What is d(l)?
4
Let v(o) = -3*o - 1. Let i be v(-1). Suppose -i*r = -6*r. Let l(b) = 9*b - 2 + 16*b - 62*b + 21*b + 17*b. What is l(r)?
-2
Suppose 3*i + 145 = -5*b + 119, 0 = b - 4*i - 4. Let t(y) = -y**3 - 6*y**2 - 8*y - 5. Calculate t(b).
-5
Let k(v) = 5*v**3 + 2*v**2 + 2*v - 1. Suppose 8 = -4*d + 10*r, 4*d = -5*r - 5 - 3. What is k(d)?
-37
Let h(k) be the first derivative of -2*k*